Let t = y + -55. List the prime factors of t.
3, 11
Let j(p) = -16*p + 12*p + 3*p + 10. What are the prime factors of j(-16)?
2, 13
Suppose 20*x + 81585 = 55*x. List the prime factors of x.
3, 7, 37
Let v(z) = 4*z**3 - 3*z**2 + 2. Let h be v(3). Let w = h - 9. List the prime factors of w.
2, 37
Let h be (-6 - -5)/((-2)/18). Suppose 2*f + r + r = -2, -5*f - 3*r - h = 0. Let q = 10 + f. What are the prime factors of q?
7
Suppose -2*u = -5*y + 237, y - 2*y + 42 = 5*u. Let s(w) = -w**3 - w**2 + 4*w - 1. Let f be s(-3). Suppose -f*a + 43 = -y. List the prime factors of a.
2, 3
Let l be ((-7)/(-2))/((-12)/72). Let g = 22 - l. List the prime factors of g.
43
Suppose 4*t + 342 = 7*t. Suppose -8*o + 11*o + t = 0. Let l = o + 54. List the prime factors of l.
2
Let s(u) = u**2 - 2*u + 6. Let m be s(6). Suppose -n + 93 = m. List the prime factors of n.
3, 7
Suppose -675 = 7*p - 10*p. What are the prime factors of p?
3, 5
Suppose 2*p = -2*s + 3906, 78*p - 16 = 82*p. List the prime factors of s.
19, 103
Suppose 2*y = 4*r - 246, 0 = 3*r - 3*y - y - 197. Suppose 22*q - r = 21*q. What are the prime factors of q?
59
List the prime factors of 12/(6 - 10) - -517.
2, 257
Let p(l) = -2*l**3 + 5*l**2 - 4*l + 4. Let j be p(2). Suppose 2*i = 9 - 1. Suppose -i*g + t + 303 = 0, 4*g - t - t - 298 = j. What are the prime factors of g?
7, 11
Let s = 1132 + -596. What are the prime factors of s?
2, 67
Suppose 0 = 5*r - 9 - 1. Suppose 49 - 221 = -r*t. What are the prime factors of t?
2, 43
Suppose 0 = 4*n - 36 + 20. Suppose -j + 41 = u, 9*u = n*u - j + 205. What are the prime factors of u?
41
Suppose 5*g - g = -16. Let z = g + 63. What are the prime factors of z?
59
Suppose 4*b + 4*k + 172 = 7*k, 0 = 2*k. Let q = b - -135. What are the prime factors of q?
2, 23
Suppose -12 - 6 = -3*y. Suppose y - 2 = 2*g. Suppose g*o + 13 - 51 = 0. List the prime factors of o.
19
Let r(p) = -30*p + 1. Let w be r(-4). Suppose -3*y - 3*g + 285 = 0, y = 2*g - 11 + w. Suppose 328 = 4*x + y. What are the prime factors of x?
3, 19
Let s(v) = -v + 6. Suppose -2*j = j + 18. Let t = -6 - j. What are the prime factors of s(t)?
2, 3
Suppose 5*c + 15 = -10. Let u be (-236)/10 - (-2)/c. What are the prime factors of 6/u*-28*1?
7
Suppose 0*w - 32 = -4*w. Suppose -418 = -w*q + 278. What are the prime factors of q?
3, 29
Suppose -i - 5*j + 11 = -3*j, -17 = i - 5*j. Suppose -4 = 2*b - i*b. Suppose -65 = -c - b*c. What are the prime factors of c?
13
Let y(d) = -d - 13. Let m be y(-10). What are the prime factors of ((-228)/(-4) - 1) + m?
53
Suppose 19*v = 20*v + 512. Let k = -345 - v. What are the prime factors of k?
167
Let x(i) = -i**3 + 4*i**2 + 2*i + 2. Let z be x(5). Let w = 13 + z. Suppose 4*k - 13 - 19 = w. List the prime factors of k.
2
Let p(z) = 126*z**2 + 5*z - 4. Let s be p(1). Let q = s + -38. List the prime factors of q.
89
Suppose -h - 5 = -2*h. Suppose 2*g + g + 2*p - 13 = 0, 26 = g + h*p. List the prime factors of g/(2/(9 - -1)).
5
Suppose 4289 = -4*u + 16521. List the prime factors of u.
2, 11, 139
Let d be ((-65)/4 + -2)*4. Let f = d + 158. List the prime factors of f.
5, 17
Let f be 0 + -1 + -1 + 6. Suppose 3*t - f*u = 104 - 10, -3*u - 33 = -t. Suppose 2*r = -3*r + t. What are the prime factors of r?
2, 3
Let d(z) = -z + 2. Let x be d(-2). Suppose -h + 114 = -x*i - 3*h, -2*h = 2. What are the prime factors of i/3*(-54)/7?
2, 3
Let g be (-19 - -20)/((-1)/(-7)). Suppose g + 45 = 4*t. List the prime factors of t/((-26)/(-36)) + 0.
2, 3
Let f(d) = 179*d**3 + 2*d - 1. Let b be f(1). Suppose -4*t = -4*g + 188, 0 = -4*g - 3*t - t + b. List the prime factors of g.
2, 23
Let a = 0 + -2. Let f be 7/((-7)/a) - -1. Suppose f*g - 2*v - 100 = 0, 2*g - v + 62 = 4*g. What are the prime factors of g?
2
Let c = -26 + 24. Let s = 2 - c. Suppose s*o - 99 = -0*o - j, 2*o - 5*j = 33. What are the prime factors of o?
2, 3
Suppose 5*s = 25, 0 = -6*z + 5*z + 2*s + 1427. List the prime factors of z.
3, 479
Let o = 55 + -4. Suppose -64 - o = -t. What are the prime factors of t?
5, 23
Let n = -401 + 928. What are the prime factors of n?
17, 31
Suppose 2*b = 99 + 2981. List the prime factors of b.
2, 5, 7, 11
Let u = 78 - 57. What are the prime factors of 474/21 + 9/u?
23
Suppose -4*h + 70 = h. Suppose 5*i + d - 12 = 0, d - 8 + 2 = -3*i. Suppose -u + 4*j + 1 = -h, u - i*j = 12. List the prime factors of u.
3
Let d = 518 + -342. List the prime factors of d.
2, 11
Let s = -141 - -549. Let g = s - 279. Suppose -4 + g = 5*w. What are the prime factors of w?
5
Suppose 0 = 4*t - 5*y - 88, -5*y - 34 = -0*t - 2*t. List the prime factors of t.
3
Let w = 509 - 317. List the prime factors of w.
2, 3
Let m(z) = -9*z**2 - 23*z - 16. Let v(x) = 4*x**2 + 11*x + 8. Let c(g) = -3*m(g) - 7*v(g). Let d be c(-7). What are the prime factors of (1 - d) + (-10)/(-5)?
2
Let l = 49 - 45. List the prime factors of 12/(-20) + (372/5)/l.
2, 3
Let b = 46 - 33. Let v = 8 + b. Let m = v + -12. List the prime factors of m.
3
List the prime factors of 1*-1 - (-4 - -14733)/(-13).
2, 283
Let l(f) = 3*f**3 - 11*f**2 + 9*f - 12. List the prime factors of l(10).
2, 23, 43
Suppose 0 = 3*h + 3*g - 273, 38 = 5*h + 3*g - 411. What are the prime factors of h?
2, 11
Suppose -10*x + 12*x - 46 = 0. Let u = x - -5. List the prime factors of u.
2, 7
Let y = -5 + 3. List the prime factors of y/((0 - 2) + 1) + 11.
13
Suppose -159*h = -153*h - 18384. What are the prime factors of h?
2, 383
Suppose -3*m = -5*o + 2801 - 676, m - 1700 = -4*o. List the prime factors of o.
5, 17
Let j(k) = -k**2 - 8*k. Let a = -15 + 8. Let f be j(a). Suppose f = 3*y + 4*z, -2*y + z + 5 = -18. List the prime factors of y.
3
Let t be (-6)/4*(-12)/18. Suppose d = 2*b + 7 + t, 14 = -5*b + d. What are the prime factors of b/9 - 508/(-18)?
2, 7
Let d = 10383 + -4218. List the prime factors of d.
3, 5, 137
Suppose -341 = 2*y - 1363. List the prime factors of y.
7, 73
Let r(p) = 85*p**2 + 75*p - 401. What are the prime factors of r(6)?
3109
Let u(d) = -10*d + 27. What are the prime factors of u(-5)?
7, 11
Suppose 5*p + 0*p = 330. Let i be (-4 - 40/(-9))/((-4)/(-18)). Suppose i*b + b - p = 0. List the prime factors of b.
2, 11
Let h(s) = -151*s**3 - 4*s**2 - 6*s + 3. What are the prime factors of h(-2)?
17, 71
What are the prime factors of (9860/85 - 7/1)*7?
7, 109
Suppose 5*b = -2*k + 6625, 3*k - 3975 = -3*b + 5*k. What are the prime factors of b?
5, 53
Suppose 22*j - 29*j + 21 = 0. Let s = j + 13. List the prime factors of s.
2
Let i(v) = -v**2 + 15*v - 7. Let c be i(11). Let x be c*(16/(-4))/(-4). Let m = x + -35. List the prime factors of m.
2
Let n = 17 + -22. Let a = n + 30. What are the prime factors of a?
5
Suppose -3*m = 2*a - 1124 - 604, -3*m + 4*a = -1710. List the prime factors of m.
2, 7, 41
Let k(b) = -2*b**3 - 17*b**2 + 9*b - 6. What are the prime factors of k(-11)?
2, 5
Suppose 20 = 3*o - 4*m, 0 = -5*o - m - 1 - 4. Suppose -26*u + 22*u + 64 = o. List the prime factors of u.
2
Let k = -3545 + 7055. What are the prime factors of k?
2, 3, 5, 13
Let c = -4 + 7. Suppose -c*f = -m + 4, 2*m + 4*f + 12 = -0*m. Let j = m - -24. What are the prime factors of j?
2, 11
Let n(w) = 5*w**2 + w + 7. Let l be n(-3). Let b = -35 + l. Suppose 5*i = b + 6. What are the prime factors of i?
2
Let c(k) = -11*k + 4. Let p be -11*(-4 - (-1 - 2)). Let g(z) = 34*z - 13. Let a(f) = p*c(f) + 4*g(f). What are the prime factors of a(2)?
2, 11
Let m = -7593 + 11221. What are the prime factors of m?
2, 907
Suppose -2*o = 0, -k + 2*o = -5*k + 660. Let x = 320 - k. What are the prime factors of x?
5, 31
Let f be 0/(2*-1*(-2 - -1)). Suppose f = 5*q, 4*m - 72 = -q + 92. List the prime factors of m.
41
Let l(z) = 73*z + 7. Let h be l(4). Suppose 4*x = 2*p - 3 + h, 0 = -p - 2. Let m = -50 + x. What are the prime factors of m?
23
Let a(x) = -13*x - 6. Let r be a(-1). What are the prime factors of 90/7 - (-1)/r?
13
Let y be (-8*61/10)/(2/(-5)). Let m = 215 - y. What are the prime factors of m?
3, 31
Let z(a) = -59*a + 244. What are the prime factors of z(-20)?
2, 89
Let a be 24/13 + 6/39. Suppose a*k + 5 - 9 = 0. Suppose 0 = -3*l + l - c + 76, 5*l + k*c = 189. List the prime factors of l.
37
Let o be 2 + -2 + 2 + 12 + -2. Suppose s - o = -0*s. What are the prime factors of s?
2, 3
Let s = -572 + 845. List the prime fa